{"id":8,"date":"2017-05-10T15:43:52","date_gmt":"2017-05-10T13:43:52","guid":{"rendered":"http:\/\/wp.cywinski.om.pl\/?page_id=8"},"modified":"2021-01-19T09:59:31","modified_gmt":"2021-01-19T08:59:31","slug":"o-nas","status":"publish","type":"page","link":"https:\/\/cywinski.om.pl\/index.php\/o-nas\/","title":{"rendered":"O nas"},"content":{"rendered":"<p><strong>Firma Informatyczno &#8211; Handlowa &#8222;<\/strong><strong>Cywi\u0144ski&#8221; <\/strong>istnieje na\u00a0 rynku od 1992 roku. Specjalizujemy si\u0119 w obs\u0142udze informatycznej ma\u0142ych i \u015brednich przedsi\u0119biorstw.\u00a0\u00a0Zapewniamy oprogramowanie komputerowe do zarz\u0105dzania firm\u0105, sprz\u0119t komputerowy, kasy fiskalne oraz materia\u0142y eksploatacyjne.<\/p>\n<p>Wsp\u00f3lnie z Pa\u0144stwem rozpoznajemy potrzeby i\u00a0doradzamy najlepsze rozwi\u0105zanie w zakresie wyboru odpowiedniego oprogramowania i sprz\u0119tu. Zapewniamy pomoc przy wdro\u017ceniu oprogramowania, zapewniamy r\u00f3wnie\u017c opiek\u0119 serwisow\u0105 podczas eksploatacji systemu komputerowego.<\/p>\n<p>Prowadzimy tak\u017ce serwis sprz\u0119tu komputerowego, urz\u0105dze\u0144 peryferyjnych,\u00a0 kas fiskalnych, projektujemy i wykonujemy sieci komputerowe.<\/p>\n<p>Wsp\u00f3\u0142praca z nasz\u0105 firm\u0105 pozwoli Pa\u0144stwu na unikni\u0119cie koszt\u00f3w zwi\u0105zanych z utrzymaniem dzia\u0142u IT, szybk\u0105 reakcj\u0119 w przypadku awarii a co najwa\u017cniejsze dost\u0119p do wieloletniej wiedzy i do\u015bwiadczenia naszych pracownik\u00f3w.<\/p>\n","protected":false},"excerpt":{"rendered":"<p>Firma Informatyczno &#8211; Handlowa &#8222;Cywi\u0144ski&#8221; istnieje na\u00a0 rynku od 1992 roku. Specjalizujemy si\u0119 w obs\u0142udze informatycznej ma\u0142ych i \u015brednich przedsi\u0119biorstw.\u00a0\u00a0Zapewniamy oprogramowanie komputerowe do zarz\u0105dzania firm\u0105, sprz\u0119t komputerowy, kasy fiskalne oraz materia\u0142y eksploatacyjne. Wsp\u00f3lnie z Pa\u0144stwem rozpoznajemy potrzeby i\u00a0doradzamy najlepsze rozwi\u0105zanie w zakresie wyboru odpowiedniego oprogramowania i sprz\u0119tu. Zapewniamy pomoc przy wdro\u017ceniu oprogramowania, zapewniamy r\u00f3wnie\u017c opiek\u0119&hellip; <br \/> <a class=\"read-more\" href=\"https:\/\/cywinski.om.pl\/index.php\/o-nas\/\">Dowiedz si\u0119 wi\u0119cej<\/a><\/p>\n","protected":false},"author":1,"featured_media":0,"parent":0,"menu_order":0,"comment_status":"closed","ping_status":"closed","template":"","meta":[],"_links":{"self":[{"href":"https:\/\/cywinski.om.pl\/index.php\/wp-json\/wp\/v2\/pages\/8"}],"collection":[{"href":"https:\/\/cywinski.om.pl\/index.php\/wp-json\/wp\/v2\/pages"}],"about":[{"href":"https:\/\/cywinski.om.pl\/index.php\/wp-json\/wp\/v2\/types\/page"}],"author":[{"embeddable":true,"href":"https:\/\/cywinski.om.pl\/index.php\/wp-json\/wp\/v2\/users\/1"}],"replies":[{"embeddable":true,"href":"https:\/\/cywinski.om.pl\/index.php\/wp-json\/wp\/v2\/comments?post=8"}],"version-history":[{"count":3,"href":"https:\/\/cywinski.om.pl\/index.php\/wp-json\/wp\/v2\/pages\/8\/revisions"}],"predecessor-version":[{"id":48,"href":"https:\/\/cywinski.om.pl\/index.php\/wp-json\/wp\/v2\/pages\/8\/revisions\/48"}],"wp:attachment":[{"href":"https:\/\/cywinski.om.pl\/index.php\/wp-json\/wp\/v2\/media?parent=8"}],"curies":[{"name":"wp","href":"https:\/\/api.w.org\/{rel}","templated":true}]}}