{"id":200,"date":"2021-01-20T11:56:45","date_gmt":"2021-01-20T10:56:45","guid":{"rendered":"http:\/\/cywinski2.om.pl\/?page_id=200"},"modified":"2021-01-20T12:00:56","modified_gmt":"2021-01-20T11:00:56","slug":"program-raks-sql","status":"publish","type":"page","link":"https:\/\/cywinski.om.pl\/index.php\/program-raks-sql\/","title":{"rendered":"Program RAKS SQL"},"content":{"rendered":"\n<p>RAKSSQL jest systemem w pe\u0142ni zintegrowanym, dane z ka\u017cdego obszaru dzia\u0142alno\u015bci: sprzeda\u017cy, obs\u0142ugi magazynu, finans\u00f3w, ksi\u0119gowo\u015bci, kadr i p\u0142ac trafiaj\u0105 w jedno miejsce, gdzie mog\u0105 by\u0107 dowolnie przetwarzane. Dzi\u0119ki integracji ka\u017cdy z obszar\u00f3w przedsi\u0119biorstwa korzysta na bie\u017c\u0105co z potrzebnych informacji np. sprzedawca w ka\u017cdej chwili mo\u017ce sprawdzi\u0107 stan rozrachunk\u00f3w z klientem, ksi\u0119gowa automatycznie ksi\u0119gowa\u0107 dokumenty sprzeda\u017cy, magazynier monitorowa\u0107 stany i generowa\u0107 zam\u00f3wienia do dostawc\u00f3w.<\/p>\n\n\n\n<p>RAKSSQL powsta\u0142 na bazie 18-letnich do\u015bwiadcze\u0144 firmy RAKS w tworzeniu oprogramowania wspieraj\u0105cego zarz\u0105dzanie przedsi\u0119biorstwem. To produkt ca\u0142kowicie polski, idealnie dostosowany do krajowych reali\u00f3w gospodarczych jak r\u00f3wnie\u017c standard\u00f3w Unii Europejskiej.<\/p>\n\n\n\n<p>RAKSSQL oferuje pe\u0142n\u0105 gam\u0119 zintegrowanych modu\u0142\u00f3w, zapewniaj\u0105cych wsparcie m.in w zakresie:<\/p>\n\n\n\n<ul><li>sprzeda\u017cy i obs\u0142ugi zam\u00f3wie\u0144 <\/li><li>zakup\u00f3w i dostaw <\/li><li>ksi\u0119gowo\u015bci i \u015brodk\u00f3w trwa\u0142ych <\/li><li>kadr i p\u0142ac <\/li><li>zarz\u0105dzania relacjami z klientem (CRM) <\/li><li>zarz\u0105dzania sprzeda\u017c\u0105 <\/li><li>magazynu i produkcji <\/li><li>zarz\u0105dzania finansami <\/li><li>analiz finansowych i bud\u017cetowania <\/li><li>zarz\u0105dzania wsp\u00f3\u0142prac\u0105 z kontrahentami z obszaru UE i z poza tego obszaru <\/li><li>zdalnego dost\u0119pu<\/li><\/ul>\n\n\n\n<p><strong>Bezpiecze\u0144stwo inwestycji<\/strong><br>Maj\u0105c na uwadze optymalizacj\u0119 koszt\u00f3w zakupu systemu wprowadzili\u015bmy unikatowe rozwi\u0105zanie. Klient wybiera z szerokiej gamy tylko te elementy, kt\u00f3re s\u0105 dla niego niezb\u0119dne, osi\u0105gaj\u0105c w ten spos\u00f3b najlepszy wska\u017anik mo\u017cliwo\u015bci do ceny systemu. Dzi\u0119ki pe\u0142nej integracji, rozbudowa jest szybka i bezproblemowa. Mo\u017ce by\u0107 wykonana w dowolnym momencie, wraz ze zmian\u0105 potrzeb firmy.<\/p>\n\n\n\n<p><strong>Brak dodatkowych op\u0142at licencyjnych<\/strong><br>Razem z RAKSSQL u\u017cytkownik otrzymuje nowoczesn\u0105, szybk\u0105 i bezpieczn\u0105 oraz ca\u0142kowicie darmow\u0105 baz\u0119 danych SQL dla nieograniczonej liczby u\u017cytkownik\u00f3w. Zapewnia ona w pe\u0142ni bezobs\u0142ugow\u0105 prac\u0119, eliminuje zar\u00f3wno koszty szkolenia personelu jak i koszty zwi\u0105zane z bie\u017c\u0105c\u0105 administracj\u0105 i konserwacj\u0105.<\/p>\n\n\n\n<p><strong>Mo\u017cliwo\u015b\u0107 wyboru systemu Linux<\/strong><br>RAKSSQL daje mo\u017cliwo\u015b\u0107 wyboru systemu operacyjnego serwera, na kt\u00f3rym b\u0119dzie dzia\u0142a\u0107 baza danych SQL. Wykorzystanie darmowego systemu Linux (na \u017cyczenie oferujemy Klientom darmow\u0105 dystrybucje systemu Linux dedykowan\u0105 do wsp\u00f3\u0142pracy z RAKSSQL) zdecydowanie obni\u017ca ca\u0142kowity koszt zwi\u0105zany z zakupem i u\u017cytkowaniem oprogramowania.<\/p>\n\n\n\n<div class=\"wp-block-buttons\">\n<div class=\"wp-block-button\"><a class=\"wp-block-button__link\" href=\"https:\/\/raksdownload.azurewebsites.net\/rakssql-instalator.exe\" target=\"_blank\" rel=\"noreferrer noopener\">Pobierz Demo<\/a><\/div>\n<\/div>\n\n\n\n<figure class=\"wp-block-image size-large\"><img loading=\"lazy\" width=\"524\" height=\"379\" src=\"http:\/\/cywinski2.om.pl\/wp-content\/uploads\/2021\/01\/Raks1.jpg\" alt=\"\" class=\"wp-image-202\" srcset=\"https:\/\/cywinski.om.pl\/wp-content\/uploads\/2021\/01\/Raks1.jpg 524w, https:\/\/cywinski.om.pl\/wp-content\/uploads\/2021\/01\/Raks1-300x217.jpg 300w\" sizes=\"(max-width: 524px) 100vw, 524px\" \/><\/figure>\n\n\n\n<figure class=\"wp-block-image size-large\"><img loading=\"lazy\" width=\"524\" height=\"402\" src=\"http:\/\/cywinski2.om.pl\/wp-content\/uploads\/2021\/01\/Raks2.jpg\" alt=\"\" class=\"wp-image-203\" srcset=\"https:\/\/cywinski.om.pl\/wp-content\/uploads\/2021\/01\/Raks2.jpg 524w, https:\/\/cywinski.om.pl\/wp-content\/uploads\/2021\/01\/Raks2-300x230.jpg 300w\" sizes=\"(max-width: 524px) 100vw, 524px\" \/><\/figure>\n\n\n\n<figure class=\"wp-block-image size-large\"><img loading=\"lazy\" width=\"524\" height=\"379\" src=\"http:\/\/cywinski2.om.pl\/wp-content\/uploads\/2021\/01\/Raks3.jpg\" alt=\"\" class=\"wp-image-204\" srcset=\"https:\/\/cywinski.om.pl\/wp-content\/uploads\/2021\/01\/Raks3.jpg 524w, https:\/\/cywinski.om.pl\/wp-content\/uploads\/2021\/01\/Raks3-300x217.jpg 300w\" sizes=\"(max-width: 524px) 100vw, 524px\" \/><\/figure>\n\n\n\n<div class=\"wp-block-columns\">\n<div class=\"wp-block-column\" style=\"flex-basis:100%\">\n<h3>Nasi klienci pracuj\u0105cy na programie Raks SQL<\/h3>\n<\/div>\n<\/div>\n\n\n\n<ul><li><strong>Sun-Day<\/strong>\u00a0&#8211; hurtownia zabawek<\/li><li><strong>Asmir\u00a0<\/strong>&#8211; hurtownia mro\u017conek<\/li><li><strong>Egro<\/strong> &#8211; hurtownia og\u00f3lnospo\u017cywcza<\/li><\/ul>\n","protected":false},"excerpt":{"rendered":"<p>RAKSSQL jest systemem w pe\u0142ni zintegrowanym, dane z ka\u017cdego obszaru dzia\u0142alno\u015bci: sprzeda\u017cy, obs\u0142ugi magazynu, finans\u00f3w, ksi\u0119gowo\u015bci, kadr i p\u0142ac trafiaj\u0105 w jedno miejsce, gdzie mog\u0105 by\u0107 dowolnie przetwarzane. Dzi\u0119ki integracji ka\u017cdy z obszar\u00f3w przedsi\u0119biorstwa korzysta na bie\u017c\u0105co z potrzebnych informacji np. sprzedawca w ka\u017cdej chwili mo\u017ce sprawdzi\u0107 stan rozrachunk\u00f3w z klientem, ksi\u0119gowa automatycznie ksi\u0119gowa\u0107 dokumenty&hellip; <br \/> <a class=\"read-more\" href=\"https:\/\/cywinski.om.pl\/index.php\/program-raks-sql\/\">Dowiedz si\u0119 wi\u0119cej<\/a><\/p>\n","protected":false},"author":1,"featured_media":0,"parent":0,"menu_order":0,"comment_status":"closed","ping_status":"closed","template":"","meta":[],"_links":{"self":[{"href":"https:\/\/cywinski.om.pl\/index.php\/wp-json\/wp\/v2\/pages\/200"}],"collection":[{"href":"https:\/\/cywinski.om.pl\/index.php\/wp-json\/wp\/v2\/pages"}],"about":[{"href":"https:\/\/cywinski.om.pl\/index.php\/wp-json\/wp\/v2\/types\/page"}],"author":[{"embeddable":true,"href":"https:\/\/cywinski.om.pl\/index.php\/wp-json\/wp\/v2\/users\/1"}],"replies":[{"embeddable":true,"href":"https:\/\/cywinski.om.pl\/index.php\/wp-json\/wp\/v2\/comments?post=200"}],"version-history":[{"count":3,"href":"https:\/\/cywinski.om.pl\/index.php\/wp-json\/wp\/v2\/pages\/200\/revisions"}],"predecessor-version":[{"id":208,"href":"https:\/\/cywinski.om.pl\/index.php\/wp-json\/wp\/v2\/pages\/200\/revisions\/208"}],"wp:attachment":[{"href":"https:\/\/cywinski.om.pl\/index.php\/wp-json\/wp\/v2\/media?parent=200"}],"curies":[{"name":"wp","href":"https:\/\/api.w.org\/{rel}","templated":true}]}}